pose 0*f = 4*f + n + 77, 5*f + 103 = n. Let y = z + f. List the prime factors of y.
31
Let z be 20 - (1 + (2 - 1)). Suppose -4*f = -2*j - 18, -j - f + 4 = -2*j. Let v = z - j. List the prime factors of v.
17
Suppose -5*c - 3*n + 7*n = -70, -5*c + 3*n = -75. Suppose 3*s - 4*q = 358, s - 4*q - c = 96. List the prime factors of s.
2, 61
Suppose 5*h = h + 20. Suppose 0*q + 2*q - 2 = b, h*q = -4*b + 44. Let y(g) = 4*g + 1. List the prime factors of y(b).
5
Let g = -458 + 869. List the prime factors of g.
3, 137
Suppose -3 = -3*t + 3. Suppose 0 = -z + 5 - t. Suppose -32 = g - z*g. What are the prime factors of g?
2
Suppose -2*v = -7*v + 4*r + 1631, 0 = -2*v - 2*r + 638. What are the prime factors of v?
17, 19
Suppose r = -2*r - 2*r. Suppose 2*v = 4*o + 136, -3*v + r*o - 4*o + 214 = 0. List the prime factors of v.
2, 5, 7
Suppose -2*b = -3*n + 7*n - 22, -b - 4*n + 7 = 0. Suppose -3*u - 3 = -b, 0 = -2*q - u + 276. What are the prime factors of q?
2, 17
Let l be 1 - -2 - -81*1. Let c = l - 10. Suppose -c = -3*x + x. What are the prime factors of x?
37
Suppose 0 = -2*y - 34*l + 31*l + 294, 3*y - 3*l - 456 = 0. What are the prime factors of y?
2, 3, 5
Let n(o) = o - 5. Let t be n(6). Let a be (-1 - t)/(8/(-20)). Suppose a*h - 14 - 121 = 0. List the prime factors of h.
3
Suppose 33*a + 4*a - 21386 = 0. List the prime factors of a.
2, 17
Let y = 1096 - 70. What are the prime factors of y?
2, 3, 19
Let z = 348 + 825. What are the prime factors of z?
3, 17, 23
Let h = 537 - 304. What are the prime factors of h?
233
Suppose 0*h - h = 2*w - 226, -2*w + h + 230 = 0. List the prime factors of w.
2, 3, 19
Suppose 5*k - 5 = -2*i + 22, 2*i = -k + 15. Suppose 29 = r - 5*w, r = i*r + w - 15. Suppose -r*s = -s - 48. List the prime factors of s.
2
Let r = 50 + -15. Suppose 0 = t - r - 70. Let b = t - 63. List the prime factors of b.
2, 3, 7
Suppose 164*r = 144*r + 32440. What are the prime factors of r?
2, 811
Suppose 6*l = -25 - 35. Let y = l - -19. List the prime factors of y.
3
Let u(r) = -r**2 + 3*r + 126. Let k be 2 - 1*(5 - 3). Let w be u(k). Let c = -49 + w. What are the prime factors of c?
7, 11
What are the prime factors of -3 - (4 - 3*(-835)/(-15))?
2, 5
Let y(q) = -11 + 12*q + 1 + 18*q. What are the prime factors of y(3)?
2, 5
Let j = -104 + 848. What are the prime factors of j?
2, 3, 31
Let j(t) = 11*t - 18. Let i = 39 - 30. What are the prime factors of j(i)?
3
Let a(h) = 21*h + 847. What are the prime factors of a(15)?
2, 7, 83
Let u(h) be the first derivative of h**4/4 + 14*h**3/3 - 17*h**2/2 - 4*h - 7. List the prime factors of u(-15).
2, 13
Suppose 0 = 755*z - 754*z - 2905. List the prime factors of z.
5, 7, 83
Suppose a + 4*w - 464 = 0, -4*a - w = 2*w - 1921. List the prime factors of a.
2, 11
Suppose -3*b - 4 = 5, -2*b = a + 11. Let l(t) = -t**3 + 2*t**2 + 9*t + 2. List the prime factors of l(a).
2, 3, 11
Let l(d) = -4*d**2 + 4*d - 6. Let a be l(-7). Let m = -134 - a. List the prime factors of m.
2, 3
Let z(t) = t**3 - 24*t**2 - 20*t + 35. What are the prime factors of z(26)?
3, 17
Let u(g) = g**3 - 5*g**2 + 3*g + 4. Let d be u(4). Suppose c + z + z - 40 = d, -2 = -z. Suppose 119 = 5*r - c. List the prime factors of r.
31
Let g be 18/4*(-12)/(-9). What are the prime factors of -134*(-2 - g/(-4))?
67
Suppose 5*g - 4*q - 2655 = 0, -4*g = 5*q - 1826 - 257. List the prime factors of g.
17, 31
Let z(f) be the first derivative of -21*f**4/4 + f**2 + 2*f + 10. Let i be z(-1). Suppose -2*r + i = -11. List the prime factors of r.
2
Let y be (-1)/(-3 + 28/10). Suppose -84 = y*u - 8*u. Suppose 5*g - u = 5*m + 62, m - 60 = -5*g. What are the prime factors of g?
13
Let p = 253 + -36. List the prime factors of p.
7, 31
Let j = 393 + -173. Suppose j - 61 = 3*k. List the prime factors of k.
53
Let q = -1 - -6. Let k be q*(4 - (2 - -1)). What are the prime factors of k/((-15)/(-42)) + 3?
17
Suppose -2*s - 563 = -2285. What are the prime factors of (s/(-7))/(3/(-2))?
2, 41
Suppose 0 = -2*o - 5*q + 924, -4*o + 2921 = -5*q + 1103. List the prime factors of o.
457
Let v = 88 + -70. List the prime factors of (288/(-40))/(v/10 - 2).
2, 3
Suppose 5*j - 56 - 134 = 0. Let c = j + -26. Let o(v) = v**3 - 11*v**2 - 11*v + 3. List the prime factors of o(c).
3, 5
Suppose 5*w + 2*k - 11842 = 0, 3*w - k + 191 = 7305. List the prime factors of w.
2, 3, 5, 79
Let c be 1180/150 + 4/30. Let z be 1/(-4) - (-42)/c. Let g(x) = x**3 - 6*x**2 + 11*x. List the prime factors of g(z).
2, 3, 5
Let g = 21 - 13. Let v(u) = 15*u - 14. Let d(y) = -7*y + 8. Let t(m) = 13*d(m) + 6*v(m). List the prime factors of t(g).
2, 3
Let v = 4574 + -2257. List the prime factors of v.
7, 331
Let l be (-10)/(3*(-2)/(-6)). Let k = -5 - l. Suppose k*m - 88 = m. What are the prime factors of m?
2, 11
Let m(s) = 2*s**2 - s - 1. Let d be m(-1). Let p be (-80)/(-24) - d/(-3). Suppose 5*f - 4*g - 32 = 0, -3*f - 12 = -p*f - 2*g. What are the prime factors of f?
2
Let s(r) be the third derivative of r**5/60 - 7*r**4/12 + r**3/6 + 2*r**2. Let o be s(14). Suppose -q - o = -11. List the prime factors of q.
2, 5
Let z(y) = 3*y**3 - 9*y**2 + 16*y + 1. Let p(d) = -9*d**2 - 42 + 4*d**3 + 42 + 17*d. Let x(n) = 4*p(n) - 5*z(n). List the prime factors of x(-10).
3, 5
What are the prime factors of 1505 - -4*(-4 + 6)?
17, 89
Let q = 188 - 117. Suppose 145 = 5*p - 4*t, -q = -2*p - 4*t - 13. What are the prime factors of p?
29
Suppose 0 = -5*f + 2*f + 153. Let v be ((-2)/(-2))/(6/(-156)). Let g = v + f. List the prime factors of g.
5
Suppose -9*r - 32 = 67. Let h = r + 103. List the prime factors of h.
2, 23
List the prime factors of 932 - (-3 - (-12)/(-6)).
937
Suppose 4028*n = 4035*n - 11424. List the prime factors of n.
2, 3, 17
Suppose -6029 = -3*h + 2989. What are the prime factors of h?
2, 3, 167
Let a be 174/54 + (-2)/9. Suppose 5*k + 52 = 4*c + 10, 5*k + a = c. List the prime factors of c.
13
Let m = -4596 - -8856. List the prime factors of m.
2, 3, 5, 71
Let y(c) = 107*c + 21. What are the prime factors of y(2)?
5, 47
Suppose 2*t = 5*t - 9. Suppose -t*w + 17 = -211. What are the prime factors of w?
2, 19
Suppose 6*m = -k + 4*m - 3, 3*k + m + 14 = 0. Let w = k - -8. Suppose 2*b + 3*b - 5*c = 5, w*b + 3*c = 9. List the prime factors of b.
2
Let u(a) = a - 1. Let p(y) = -5*y + 5. Let m(k) = -2*p(k) - 11*u(k). Let z be -3 + -12 - -3 - -4. What are the prime factors of m(z)?
3
Let p = -1434 - -2269. List the prime factors of p.
5, 167
Let i(c) = c**2 + 14*c - 26. Let z be i(-16). Let h(p) = p**3 - 14*p + 10. List the prime factors of h(z).
2, 71
Let y = -17 + 17. What are the prime factors of (y - -1)/(2/46)?
23
Let o = -16 + -17. Let v = 528 - 529. Let i = v - o. List the prime factors of i.
2
Suppose 4*o = -7 - 1, 5*j = -o + 4623. Suppose g - 274 = s + 21, 3*g = -5*s + j. List the prime factors of g.
2, 3, 5
Let a be (-10 - 15) + -1 + 4. Let v = -18 - a. What are the prime factors of (4 - v) + 27 + 1?
2, 7
Let x(z) = -z**2 - 22*z + 88. What are the prime factors of x(-14)?
2, 5
Suppose 13*w - 27 + 144 = 0. Let t(m) = -m**3 - 7*m**2 + m - 16. What are the prime factors of t(w)?
137
Suppose -12 = 4*h, -2*l + 4*l - 2*h = 2630. What are the prime factors of l?
2, 41
Let k = 24 + -95. Let g = 112 + k. List the prime factors of g.
41
Let y(t) = -t**3 - 3*t**2 + 6*t. Let w = 15 + -18. Let r = -2 + w. List the prime factors of y(r).
2, 5
Let x = 346 + -351. Let p(n) be the third derivative of -n**4/12 - n**3/2 - n**2. List the prime factors of p(x).
7
Let w be (-144)/(-30)*20/(-6). What are the prime factors of w*(-4)/3*45/6?
2, 5
Suppose 0*u + 4*u = 0. Suppose u = -0*x - 5*x + 15, 2*n = -3*x + 19. What are the prime factors of n?
5
What are the prime factors of 1/((-12)/(-30762)) + 8/16?
2, 641
Let g be (1*12)/(15/(-20)). Let x be 2/(-5) + 411/15. List the prime factors of (x/4)/((-4)/g).
3
Let h(n) = 9*n**2 + 3. Let l be 18/36 - (-6)/4. List the prime factors of h(l).
3, 13
Let f = 25 - 29. What are the prime factors of (f - (-7)/2)*-76?
2, 19
Let h(z) = -9*z**2 + 3*z + 1. Let w be h(-2). Let t be (-1)/(2/2)*w. Suppose -2*a + 4*r + r = -18, 0 = 3*a - 4*r - t. What are the prime factors of a?
19
Let h(g) = -g - 1. Let f(o) = -7*o - 3. Let y(q) = f(q) - 2*h(q). Let c be y(-1). Suppose -126 = -4*d - j, -d + c*j = j - 25. What are the 